3, 37
Suppose c + 16 = 2*c - 3*g, -5*c = -3*g - 32. List the prime factors of (2 + 95)*(c - 3 - 0).
97
Let q(u) = -u**2 - 87*u - 1033. What are the prime factors of q(-59)?
619
Suppose -3*z = -2*j + 18, -2*j + z - 14 = 6*z. Suppose -7 - 5 = -j*o. Suppose o*i + 3*f - f = 88, 8 = 4*f. What are the prime factors of i?
3, 7
Let q(x) = -903*x + 175. List the prime factors of q(-2).
7, 283
Let z be 8/(144/7682) + 2/9. Suppose -4*p = -l - z, -p - 5*l = -3*p + 209. What are the prime factors of p?
107
Suppose 3*o - o = 4*d - 540, -3*d + 407 = -2*o. Suppose 0 = 5*w - n - d, -66 = -3*w - 0*w - 4*n. What are the prime factors of w?
2, 13
Let o(k) = 171*k - 614. What are the prime factors of o(42)?
2, 821
Let y = -23 - -142. Suppose -6*l + y = -67. List the prime factors of l.
31
Let y(a) be the first derivative of -a**3/3 - 19*a**2/2 + a + 1. Suppose 4*d - 2*f + 66 = 0, -4*f = 4*d - 0*f + 36. What are the prime factors of y(d)?
71
Let n = 113 - 68. Let b be n/(-30)*8/3. Let k(w) = 2*w**2 + w + 3. List the prime factors of k(b).
31
Let u = -181 - -304. Let l = u + -33. What are the prime factors of l?
2, 3, 5
List the prime factors of 488 + (-2)/((-12)/30 - 0).
17, 29
Suppose 10*n + 781 = 5*x + 8*n, 0 = -2*x + 3*n + 319. List the prime factors of x.
5, 31
Suppose 0 = 3*c - o - 3700, 6*c - 5*o = 8*c - 2444. What are the prime factors of c?
2, 7, 11
Suppose -2657 = -68*w + 1559. Let n(j) = -j**2 + 5*j - 3. Let d be n(3). Suppose l + 5*p - w = p, d*l = 2*p + 144. What are the prime factors of l?
2, 5
Let d(m) = -m**3 + m**2 - 3*m + 2757. What are the prime factors of d(0)?
3, 919
Let n = 13 - 9. Let f be (-1 + -23)*n/(-8). What are the prime factors of (-2)/f + 847/42?
2, 5
Let w = 1 - 9. Let f be (6 - 0)*w/8. What are the prime factors of 0 - (-34 + 3 + f)?
37
Let v(p) = -p**3 + 22*p**2 - 21*p - 15. Let s be v(21). Suppose -27 = 2*r - 105. Let u = s + r. List the prime factors of u.
2, 3
Let d(o) = o**3 + 9*o**2 + 9*o. Let l be d(-5). Let s = l + 17. Suppose -2*m + 36 = -s. What are the prime factors of m?
2, 3
Suppose -d = -2*d + 2*j, 3*j - 15 = 0. Suppose d*v = 16*v - 84. List the prime factors of v.
2, 7
Suppose 6*c + 5*v + 1639 = 9*c, 2 = 2*v. What are the prime factors of c?
2, 137
Let g(r) = 33*r**3 - 2*r**2 - 8*r + 22. List the prime factors of g(2).
2, 131
Let m(q) = 19*q**2 - 45*q + 8. List the prime factors of m(-6).
2, 13, 37
Let t(m) be the first derivative of 61/2*m**2 - 9 + m. List the prime factors of t(1).
2, 31
Let x(l) = -3*l**2 - 4*l + 5. Let z be x(6). Let s = z + 178. What are the prime factors of s?
3, 17
Let c(f) = 5*f**2 + 37*f + 123. What are the prime factors of c(19)?
3, 877
Suppose -12*r = 452 - 9344. What are the prime factors of r?
3, 13, 19
Let a(p) be the second derivative of -14*p**3/3 + p**2 + 3*p + 4. Let v(c) = c**2 - c - 1. Let g be v(0). What are the prime factors of a(g)?
2, 3, 5
Let z(v) = -1463*v + 34. What are the prime factors of z(-2)?
2, 5, 37
What are the prime factors of 0 + 1977 + -11 + 9?
5, 79
Suppose 4*c = -0*c + 5*l + 176, 3*l = 2*c - 88. Suppose -c = -3*h + 28. Suppose 0*m - 3*m = -4*x - h, -5*x - 3 = 3*m. List the prime factors of m.
2
Let b = 4 - 1. Suppose 4*g - 2*x + 3 + 17 = 0, 18 = -2*g + b*x. Let i(n) = 3*n**2 - 3*n + 3. List the prime factors of i(g).
3, 13
Suppose 5*a - 57 = 123. What are the prime factors of 1/(-2)*-2*a?
2, 3
Let j be (-74)/(-6) + (-4)/(-6). Let p = 31 + -29. Let r = p + j. What are the prime factors of r?
3, 5
Let i = 4487 + -2613. List the prime factors of i.
2, 937
Let c = -54 + 90. Let i = -4 + c. Suppose 4*w + i = 5*r - r, -17 = -r - 2*w. List the prime factors of r.
11
Let l = 1020 + -722. What are the prime factors of l?
2, 149
Suppose 2*d + 4*a + 20 = 0, 2*a + 9 = -4*d - 1. Suppose 2*w + 0 + 4 = d. What are the prime factors of (-960)/(-18) + w/6?
53
Suppose -5*k - 155 = 5*g, -3*g - 105 = 2*k - 3*k. Let c = 53 + g. What are the prime factors of c?
19
Let j(f) = -2*f**2 - f + 1. Let x be j(-1). Suppose 3*a + p + x*p = 8, -4*p = -8. Suppose -4*z - 170 = -5*w + z, -a*w + 77 = -5*z. List the prime factors of w.
31
Let l be 1*(-1 - -4 - -52). Let y = l - -41. What are the prime factors of y?
2, 3
Suppose -s - g - 686 = -2714, 4*g + 6105 = 3*s. List the prime factors of s.
3, 677
Suppose 5*i + 32*z - 35*z = 16873, -5*i + z = -16871. What are the prime factors of i?
2, 7, 241
Let h = 571 + -213. List the prime factors of h.
2, 179
Let p = -66 - -130. Suppose -d + p + 1 = 0. List the prime factors of d.
5, 13
What are the prime factors of (-70)/7 - (16 + -2199)?
41, 53
Let s = 124 + -115. Let m(r) = 13*r + 48. List the prime factors of m(s).
3, 5, 11
Let r = -440 + 504. List the prime factors of r.
2
Let l = 3483 + -2067. What are the prime factors of l?
2, 3, 59
What are the prime factors of (-1 - -465)/1 - 6?
2, 229
Let i = -13 + 15. Suppose 2*a - 4*h - 185 = -a, 0 = -4*a + i*h + 230. What are the prime factors of a?
5, 11
Let v = -1401 + 2683. List the prime factors of v.
2, 641
Let d(r) = r**3 + 16*r**2 - 19*r + 4. Suppose -p - 2*p = -5*i - 82, 4*p + 89 = -5*i. What are the prime factors of d(i)?
2, 19
Let s = -15 + 17. Suppose -5*q = 3*w - 0*q - 47, 4*w = s*q + 106. Suppose 0 = -r + 5 + w. List the prime factors of r.
29
Let b(z) = -11*z + 16. Let t(n) = -55*n + 81. Let p(m) = 11*b(m) - 2*t(m). What are the prime factors of p(-6)?
2, 5
Let l(n) = 10*n**2 - 5*n - 99. List the prime factors of l(-13).
2, 3, 23
Suppose -11*w + 2479 = -414. List the prime factors of w.
263
Suppose 7*l - 8*l = -1208. List the prime factors of l.
2, 151
Let s = -3 + 6. Suppose 8 = a + s*a. What are the prime factors of (a + -21)/((-3)/3)?
19
Suppose 5*n - 9 = -2*b, 2*n = -n + b + 12. Let d = 21 + -12. Suppose -n*s = -d, -4 = 2*y - 4*s - 36. What are the prime factors of y?
2, 11
Let b = 4 - 14. Let w = b + 16. List the prime factors of 48*(0 + 9/w).
2, 3
Let m(k) = 2*k**2 + 18*k - 1. Let s be m(-6). Let o = s + 117. List the prime factors of o.
2, 5
Let k(f) = 7*f + 18*f**2 - 6*f - f**2. Let s be k(-1). Suppose -19*v + s*v + 156 = 0. What are the prime factors of v?
2, 13
Let y(l) = 5*l**2 + l. Let h be y(2). Suppose 2 - h = -4*i. List the prime factors of 152/i + 4/(-10).
2, 3, 5
Let u(a) = 4*a - 17. Let g be u(7). Let d = -6 - g. Let q = d - -34. What are the prime factors of q?
17
Let l(h) = -h**3 - 8*h + 12*h**2 - 7*h + 1173 - 1152. What are the prime factors of l(10)?
71
Let w(r) = -4*r - 36. Suppose -y = -z - 1, -y + 6 + 15 = 4*z. Suppose 33 = -z*h - 43. List the prime factors of w(h).
2, 5
Let s = 28 + -28. Let g(h) = -h**2 + 52. List the prime factors of g(s).
2, 13
Let h = -52 + 62. Let u(g) = -g**2 + 8*g + 22. List the prime factors of u(h).
2
Let x(g) = -g**3 + g**2 + 3. Let l be x(0). Let w be -2 - (-9 + -1 + l). Suppose 0*d + w*d - 85 = 0. What are the prime factors of d?
17
Let y be ((-10)/30)/((-2)/(-24)). What are the prime factors of 6470/110 + y/(-22)?
59
Suppose 0 = 4*f + m - 4, 0 = 2*f + 2*f - 4*m - 4. Let d(o) = -o - 6 + 5 + 28*o**3 + 17*o**3 + 3*o**2. What are the prime factors of d(f)?
2, 23
List the prime factors of (-2)/33 - 187611/(-99).
5, 379
Let m(s) = -67*s - 178. List the prime factors of m(-18).
2, 257
Let h be -6 - (3 - (-2 + 5)). Let k be 10*11/(-4)*h. Suppose 0 = 5*y + 35 - k. What are the prime factors of y?
2, 13
Suppose -5*h + 18714 = 2*p - 3*p, 3*h + 5*p = 11234. List the prime factors of h.
19, 197
Suppose -5*z + g = -28, -5*z + 4*g - g = -34. What are the prime factors of ((-4)/(-3))/(((-25)/z)/(-135))?
2, 3
Let p(w) = -w**2 - 3*w + 4. Let x be p(0). Let k = x - -6. List the prime factors of k.
2, 5
Let o(t) = -t**3 - 7*t**2 + 14*t + 24. List the prime factors of o(-10).
2, 23
Let v = 445 + -259. What are the prime factors of v?
2, 3, 31
Let f be ((-32)/80)/((-2)/(-550)*-1). Suppose -238 = -4*o + f. List the prime factors of o.
3, 29
Let v(c) = 53*c**2 - 2*c - 2. Let q be 7 + -4 + 1 - 4. Let l = -1 - q. List the prime factors of v(l).
53
Suppose 0 = -2*w + 7 - 1. Let y = -15 + 20. What are the prime factors of (1 - (w + -3))*y?
5
Let y = -2394 - -3960. List the prime factors of y.
2, 3, 29
Suppose 0 = -j - j - 5*u + 13, 3*j + 2*u + 8 = 0. What are the prime factors of (j/(-4))/((-27)/(-90))?
5
Let k(x) = -x**2 + x + 7. Let i be (-63)/14*(-8)/3. Suppos